mainder when 1358460 is divided by 1371.
1170
What is the remainder when 228142 is divided by 36738?
7714
Calculate the remainder when 749167 is divided by 83179.
556
What is the remainder when 132097308 is divided by 6604865?
8
What is the remainder when 178334 is divided by 7414?
398
Calculate the remainder when 5787868 is divided by 34650.
1318
Calculate the remainder when 1157121 is divided by 73.
71
Calculate the remainder when 7096579 is divided by 105919.
6
What is the remainder when 694234 is divided by 34643?
1374
What is the remainder when 11938604 is divided by 21?
20
What is the remainder when 24563670 is divided by 2764?
2
Calculate the remainder when 29318 is divided by 9700.
218
What is the remainder when 98957876 is divided by 252?
248
Calculate the remainder when 2760790 is divided by 1131.
19
What is the remainder when 1237251 is divided by 757?
313
Calculate the remainder when 913158 is divided by 48044.
322
Calculate the remainder when 4004899 is divided by 3034.
19
Calculate the remainder when 1028943 is divided by 21435.
63
What is the remainder when 1747893 is divided by 174789?
3
What is the remainder when 13487252 is divided by 4964?
64
What is the remainder when 170810 is divided by 6248?
2114
What is the remainder when 176073 is divided by 1903?
997
Calculate the remainder when 134634706 is divided by 157100.
6
What is the remainder when 10379 is divided by 4380?
1619
What is the remainder when 265470 is divided by 26427?
1200
What is the remainder when 2713868 is divided by 329?
276
What is the remainder when 387467 is divided by 4721?
345
What is the remainder when 553018 is divided by 52?
50
What is the remainder when 13119 is divided by 206?
141
What is the remainder when 19523612 is divided by 2440448?
28
What is the remainder when 11194013 is divided by 4492?
4441
Calculate the remainder when 1810419 is divided by 776.
11
Calculate the remainder when 28041 is divided by 27409.
632
What is the remainder when 345729 is divided by 1?
0
Calculate the remainder when 819641 is divided by 269.
267
Calculate the remainder when 8831295 is divided by 18.
9
Calculate the remainder when 765965 is divided by 63806.
293
Calculate the remainder when 307763 is divided by 76833.
431
What is the remainder when 489994 is divided by 163180?
454
What is the remainder when 3372989 is divided by 3372798?
191
Calculate the remainder when 34483 is divided by 659.
215
What is the remainder when 13774505 is divided by 1967785?
10
What is the remainder when 6148363 is divided by 2679?
58
Calculate the remainder when 177397 is divided by 4783.
426
What is the remainder when 1530957 is divided by 510?
447
What is the remainder when 17249388 is divided by 166?
162
Calculate the remainder when 16849 is divided by 16684.
165
Calculate the remainder when 479647830 is divided by 611.
610
Calculate the remainder when 841881 is divided by 10118.
2087
What is the remainder when 19682665 is divided by 478?
59
What is the remainder when 124362 is divided by 3760?
282
What is the remainder when 171166 is divided by 33672?
2806
Calculate the remainder when 34155991 is divided by 68.
67
What is the remainder when 1644915 is divided by 14?
13
Calculate the remainder when 4302089 is divided by 253061.
52
Calculate the remainder when 6029956 is divided by 1004840.
916
What is the remainder when 1131946 is divided by 377239?
229
Calculate the remainder when 2979927 is divided by 1285.
12
Calculate the remainder when 147383475 is divided by 147383473.
2
Calculate the remainder when 57750202 is divided by 48367.
4
Calculate the remainder when 2319833 is divided by 2319753.
80
Calculate the remainder when 39301 is divided by 9605.
881
What is the remainder when 365880 is divided by 1936?
1912
Calculate the remainder when 123543 is divided by 30740.
583
What is the remainder when 49462075 is divided by 52?
39
Calculate the remainder when 105985393 is divided by 459.
457
Calculate the remainder when 417107 is divided by 59556.
215
Calculate the remainder when 4610595 is divided by 5609.
5606
Calculate the remainder when 57103662 is divided by 7137948.
78
Calculate the remainder when 998073 is divided by 232.
9
What is the remainder when 87998499 is divided by 21999622?
11
What is the remainder when 627505 is divided by 2044?
2041
What is the remainder when 298506813 is divided by 7264?
7261
Calculate the remainder when 26150955 is divided by 44.
39
What is the remainder when 2655954 is divided by 106237?
29
Calculate the remainder when 13131143 is divided by 220.
3
Calculate the remainder when 204754 is divided by 22716.
310
Calculate the remainder when 117990 is divided by 592.
182
What is the remainder when 25145 is divided by 2778?
143
What is the remainder when 1620830 is divided by 1206?
1172
Calculate the remainder when 26664603 is divided by 20848.
11
What is the remainder when 8843253 is divided by 192244?
29
Calculate the remainder when 1694376 is divided by 423575.
76
Calculate the remainder when 228835642 is divided by 76278546.
4
What is the remainder when 934495 is divided by 93427?
225
What is the remainder when 57711 is divided by 48248?
9463
Calculate the remainder when 5740486 is divided by 284.
278
What is the remainder when 1308364 is divided by 2562?
1744
Calculate the remainder when 137243237 is divided by 3.
2
Calculate the remainder when 278452197 is divided by 13.
10
What is the remainder when 77409 is divided by 1366?
913
Calculate the remainder when 186426 is divided by 37255.
151
What is the remainder when 94461 is divided by 506?
345
What is the remainder when 170462 is divided by 624?
110
Calculate the remainder when 689914 is divided by 15595.
3734
Calculate the remainder when 661645 is divided by 114.
103
What is the remainder when 118425915 is divided by 71?
45
Calculate the remainder when 550305 is divided by 5525.
3330
What is the remainder when 1101149 is divided by 84703?
10
Calculate the remainder when 72419367 is divided by 5.
2
What is the remainder when 21016857 is divided by 463?
361
What is the remainder when 2212344 is divided by 812?
456
What is the remainder when 2368518 is divided by 607?
4
What is the remainder when 544373 is divided by 263?
226
Calculate the remainder when 2510529 is divided by 4109.
4039
What is the remainder when 42137241 is divided by 14045746?
3
What is the remainder when 4323773 is divided by 5391?
191
Calculate the remainder when 1687931 is divided by 1687927.
4
Calculate the remainder when 1408290 is divided by 314.
0
Calculate the remainder when 205036 is divided by 66892.
4360
What is the remainder when 257461 is divided by 11187?
160
Calculate the remainder when 508118 is divided by 844.
30
Calculate the remainder when 809307 is divided by 2783.
2237
What is the remainder when 1377172 is divided by 315?
307
Calculate the remainder when 446361 is divided by 3943.
802
What is the remainder when 33311 is divided by 1432?
375
What is the remainder when 276987252 is divided by 33192?
12
Calculate the remainder when 380372 is divided by 126784.
20
What is the remainder when 24078566 is divided by 11593?
11498
Calculate the remainder when 420655898 is divided by 17.
10
Calculate the remainder when 3654023 is divided by 1275.
1148
What is the remainder when 17477 is divided by 1218?
425
Calculate the remainder when 9965131 is divided by 1737.
1699
Calculate the remainder when 18372872 is divided by 20437.
9
Calculate the remainder when 39435446 is divided by 291.
290
What is the remainder when 1188379905 is divided by 12?
9
What is the remainder when 141306 is divided by 591?
57
Calculate the remainder when 63593798 is divided by 27.
23
What is the remainder when 9688738 is divided by 13327?
9
What is the remainder when 954575 is divided by 19?
15
What is the remainder when 39955 is divided by 210?
55
What is the remainder when 20518363 is divided by 72503?
14
Calculate the remainder when 118446 is divided by 6915.
891
Calculate the remainder when 4524706 is divided by 105225.
31
Calculate the remainder when 8726169 is divided by 29.
11
What is the remainder when 65154263 is divided by 2836?
2835
What is the remainder when 67013 is divided by 265?
233
Calculate the remainder when 15499598 is